-24)*y/(-6) prime?
True
Let c = 277 - 107. Suppose r - c = -13688. Is r/(-27) - (-1)/3 a prime number?
False
Let j(h) = -3448*h + 101. Suppose -o - 4*d + 2 = 0, -4*d = -3*o - 13 - 13. Is j(o) a composite number?
False
Let h be 2/(-4) - -1 - 27129/(-6). Let j = -1485 + h. Is j a composite number?
False
Suppose -5*a = -4*a - 9. Suppose -4*p + 2*i = 18, -4*p - a*i = -5*i + 36. Is (-4)/p*(-1839)/(-2) composite?
False
Let x be (-148)/20 - 6/(-15). Let w(u) = 4*u**2 - u - 9. Let m be w(x). Suppose -3*r + 163 = 3*j - 128, 2*j - r - m = 0. Is j prime?
True
Let r be (-1704)/(-9) - 15/45. Let d = 1068 - r. Is d a composite number?
True
Let v be 3/(-30) + (-210)/(-100). Suppose -3*f + 7603 = 4*r, v*f + 3 = -3. Is r composite?
True
Is -3 - (738900/(-9) + 1 + 10/2) composite?
True
Let b be (-4)/(-6) + 2277/27. Suppose 53*m + 195232 = b*m. Is m prime?
True
Suppose -15 = 4*g - 7*q + 4*q, -3*q + 15 = 0. Let b be -4 + 0 + 9 + g. Let y = 11 - b. Is y prime?
False
Let s(k) = 5045*k + 160. Let h(m) = 1009*m + 32. Let x(c) = 11*h(c) - 2*s(c). Is x(5) a prime number?
True
Suppose 6*a - 57857 = -137. Let p = 18129 - a. Is p a prime number?
False
Let b(a) = -31*a**3 + 10*a + 8. Let k be b(5). Let n = 7690 + k. Is n composite?
True
Suppose 4*d = 3*b + 1256, 0*b - 1658 = 4*b + 3*d. Is (-26)/(b/3792)*53/3 a composite number?
True
Is (1104/32)/(2*-1 + (-36382)/(-18188)) composite?
True
Let z = 15262 - -35028. Suppose 4*h + 3*p = 45429, -4*p = 4*h - z + 4866. Suppose -10*v + 3*v + h = 0. Is v prime?
False
Let o = 286941 - 59870. Is o a prime number?
False
Suppose 72 = -29*m + 35*m. Suppose m*k + 25803 = 21*k. Is k composite?
True
Let s(t) = 2737*t - 3860. Is s(19) prime?
False
Let f = 14532 + 37609. Is f prime?
False
Suppose 4*h - 216 = -4*k, -4*h - 5*k + 29 = -189. Let a = h + -50. Suppose -a*x + 3*x = -2*t + 2088, 5*x = 20. Is t composite?
True
Let p(x) = x**2 + 8*x + 16. Let z be p(-6). Suppose -z*w + 2*k + 214 = 0, -80 = 2*w - 4*k - 202. Is w a composite number?
True
Let w(n) = -4*n**3 - 4*n**2 + 6*n + 9. Let j(v) = -4*v**3 - 3*v**2 + 6*v + 10. Let i(l) = -2*j(l) + 3*w(l). Is i(-8) a prime number?
False
Suppose 10*b - 5*u = -310823 + 4835098, -3*b + 1357258 = -5*u. Is b prime?
False
Let r be (-17341)/((-26)/4 + 6). Suppose -4*c = -3*l - 46244, -9*c + 6*c + 2*l = -r. Is c a composite number?
True
Is 1911768/40*50/30 a composite number?
False
Suppose -2*z + 38542 = -4*y, 5*z - 96319 = 3*y - 5*y. Suppose 3*f = -5*m + z, 4*m = 6*m - 8. Is f prime?
False
Suppose -602277 = 36*h - 7212345. Is h composite?
True
Suppose -4*v - o - 32373 = 0, o + 2*o - 9 = 0. Let l = -4965 - v. Suppose 4*y = 7*y - l. Is y composite?
True
Let d(u) = 32*u**2 + 25*u**2 + 1480*u**3 - 88*u**2 + 33*u**2 - u. Is d(1) a prime number?
True
Suppose -h = 5*x - 4, 0 = h - 4*x - 13. Let f = 13 - h. Suppose 2*c - t = 9722, -f*c + 3*t + 19444 = -0*c. Is c a prime number?
True
Let h be 20/(-90) + (-38)/(-9). Suppose i - h*i = -3261. Is i a composite number?
False
Let o be ((-1)/2)/(20/(-18160)). Suppose 3*r - 5*r + 174 = 3*v, -2*v = -5*r + o. Is (-1 - 2 - -4) + r a composite number?
True
Is 13 + -6 - (-32816 + -8) prime?
True
Let c(t) = 56890*t**2 - 38*t + 29. Is c(5) a composite number?
False
Is (39 + -45)*10*96478/(-24) a composite number?
True
Suppose x - 18 = -16. Suppose -4*w = x - 22. Suppose -r + 495 = b, 0*r = w*r + 3*b - 2483. Is r composite?
False
Let k(w) = -175*w**3 + 48*w**2 - 77*w + 85. Is k(-17) a composite number?
True
Suppose -5*z = -9*z - 24. Let p(d) = 302*d + 1. Let m(t) = -605*t - 2. Let o(x) = z*m(x) - 13*p(x). Is o(-3) a composite number?
False
Let i(p) = p**3 - 49*p**2 - 51*p + 50. Let x be i(50). Suppose 49*s - 202791 - 247960 = x. Is s a composite number?
False
Let p(x) = -x**2 - 2*x + 46. Let o be p(0). Is 69/o*(-634)/(-3) a prime number?
True
Let x = -282 + 278. Is (-11)/x*73380/15 a composite number?
True
Is 8 - 8 - -2 - -131751 composite?
True
Suppose -14260 = -7*g - 36. Suppose 5*t - 2038 = -h, h = 5*t - 0*h - g. Is t prime?
False
Let g(p) = -p**3 - 30*p**2 + 100*p + 49. Let z be g(-36). Let k = z + -2012. Is k prime?
True
Let a = 211 - 213. Let w(x) = 640*x**2 - 3. Is w(a) composite?
False
Let r(j) = j**2 - j. Let u(x) = -x**3 + 8*x**2 - 7*x + 3. Let v(c) = -3*r(c) + u(c). Let l be v(3). Let b(s) = 161*s + 22. Is b(l) prime?
True
Let u(t) be the third derivative of 1075*t**4/24 + 17*t**3/6 - 28*t**2. Is u(2) prime?
False
Let g be (-25)/4 - (-6)/(-8). Let c = -3 - g. Suppose -5*q + 2*x = 6*x - 5767, c*q - 4598 = 2*x. Is q a prime number?
True
Let d(g) = 42*g**2 - 608*g + 137. Is d(62) prime?
False
Let d = 401438 + -17089. Is d a prime number?
False
Let l(s) = -445*s - 61. Is l(-32) prime?
False
Suppose 0 = 5*t + u + 41, u + 0*u = t + 13. Let k be (2 - t/(-2))*96/(-15). Is ((-2818)/(-8))/(4/k) a composite number?
False
Suppose 2513*r - 2499*r = 1533028. Is r prime?
False
Let o be -12 + 16 - 0/(-2). Suppose -5*i - 6428 = -3*p, -8670 = -5*p + o*i + 2039. Let w = p - 1148. Is w composite?
True
Let o(n) = -73*n + 1363. Is o(-100) a composite number?
False
Let j(u) be the first derivative of 92*u**2 - 33*u + 93. Is j(2) a composite number?
True
Let c = -11 + 15. Suppose 0 = c*d + 51 + 1129. Let f = d - -434. Is f composite?
False
Suppose 0 = -5*p - 3 - 17. Let a be p + (-3 - -5) - -5. Suppose a*y - 70 = -o, 5*y = 11*o - 14*o + 206. Is o prime?
True
Let p = 266 + -263. Suppose 0 = p*v + 2*m - 32914 + 7023, -2*m = 4*v - 34524. Is v a composite number?
True
Suppose -21*o + 25*o = 1784. Let h = -140 + o. Let k = 784 - h. Is k a composite number?
True
Suppose -3*v = 2*o - 615837, v + 37*o = 35*o + 205283. Is v composite?
True
Let i be (55/(-220))/(2/8). Is 5939 - ((-8 - (i - 3)) + 4) prime?
True
Suppose -64*n + 2472528 = -29318128. Is n a prime number?
False
Suppose u - 11 - 6 = 0. Let f(m) = 6*m + 9. Let a(j) = 4*j + 3. Let w(l) = 11*a(l) - 6*f(l). Is w(u) prime?
False
Let d(n) = 842*n**2 + 5*n - 8. Let h be d(-3). Suppose 208*s - 213*s = -h. Is s a prime number?
True
Suppose j - 2*j + 169517 = 10690. Is j a prime number?
False
Let n = 4866 + -1966. Let f = 7005 - n. Is f a prime number?
False
Let g(r) = -r**2 - r + 19579. Let u be g(0). Suppose y = -4*t + 15653, 7*t - u = 2*t + 3*y. Let j = t + -1015. Is j a prime number?
False
Suppose -5*v + 3*o = -13 + 27, -v + o - 4 = 0. Is (-12682)/(-85) + 2*v/10 composite?
False
Suppose -2*g = f - 761, 140*g + 4*f = 142*g - 766. Is g a prime number?
False
Suppose k - 3*k = -3*k. Suppose -l + 0*h - 3*h + 1636 = k, 0 = -3*l + 5*h + 4838. Is l prime?
True
Let w = -25 - -30. Suppose -w*v = -4*y - 1098 - 169, 2*y - v = -629. Let k = 866 + y. Is k prime?
False
Let k(m) = -547*m**3 + m**2 - m - 2. Let t be k(-1). Let c = 262 + t. Is c composite?
False
Suppose -12842907 = -191*b - 40*b. Is b a composite number?
True
Suppose 4762594 = 85*o - 1280991. Is o prime?
False
Let d(n) = 64*n**2 - n + 1. Let q be d(2). Suppose 293 + q = p. Let u = p - 67. Is u a prime number?
False
Let a = 66476 + -19855. Is a a prime number?
False
Suppose 10*v - 8*v - 14 = 0. Suppose 6 = v*u - 8. Suppose 10*w - u*w = 8752. Is w prime?
False
Let h = -6 - -3. Let v(c) = -50*c + 16*c**2 - 2*c**2 + 45*c + 24*c**2 + 4. Is v(h) composite?
True
Suppose 5*i + 5*n - 4914 = 20971, -2*n - 5183 = -i. Is i a prime number?
True
Let s = 80210 - -98249. Is s prime?
False
Suppose 11*c - 26 + 70 = 0. Let f be 6/c - 9119/22. Let x = 1125 + f. Is x prime?
True
Let w be (0 - 2) + 3*44/12. Suppose -7*f = -8*f - w. Is ((-15)/10)/(f/3786) composite?
False
Let n(s) = 307*s**2 + 8*s - 2. Suppose -12*k + 24 = -4*k. Is n(k) composite?
True
Suppose 42*h + 99*h = 22628497 + 38569592. Is h prime?
True
Let d = -362 + 364. Suppose -3725 = -3*x + 5*c + 1374, 0 = d*x + c - 3382. Is x prime?
True
Let w = 180 + 3809. Is w prime?
True
Let c be 802 + ((-4)/24 - 21/(-18)). Let m = -337 + c. Is m a prime number?
False
Suppose -2*j + 2*n - 5814 = 0, 1783 = -2*j - n - 4022. Let a = 11653 + j. Is a prime?
False
Let f(q) = 9*q - 2*q**2 + 3 + 7*q**2 - q**2. Let p be f(-3). Is 5958/15 - p/60 a composite number?
False
Let p(s) = -201700*s**3 + 49*s**2 + 52*s + 4. Is p(-1) composite?
False
Is 30623 - ((-120)/(-28) - 38/133) composite?
True
Let o(z) = z**3 - 43*z**2 - 12*z + 25. Is o(53) prime?
True
Let t(h) = 3099*h**2 + 18*h 